at is a(d)?
-10
Let q(r) = r**2 - r + 7. Let k(n) = n**3 + 5*n**2 + 5*n - 3. Let t be k(-3). What is q(t)?
7
Suppose -11 = -3*b + 4*b. Let v = b + 7. Let c(h) = -4*h + 1. Let o(k) = -9*k + 3. Let r(u) = 7*c(u) - 3*o(u). Determine r(v).
2
Let y(f) = f - 6. Suppose 5*x = -0*g - 2*g - 19, -4*g = 3*x + 3. Let w = g + 0. What is y(w)?
-3
Let q(t) = -5*t**3 + 2*t**2 - t. Suppose 0 = -r + 4*y + 21, -r + y - 4 = 2*y. What is q(r)?
-4
Suppose -31*m = -26*m + 20. Let i(v) = v**2 + 3*v - 4. Determine i(m).
0
Let c = -1 - -3. Let o = c + 0. Let l(p) = -3*p**2 + 1 - 6*p**3 + 5*p**3 - p + 4*p**o. What is l(1)?
0
Let f(r) = -3*r**3 - 27*r**2 - 4*r + 59*r**2 + 3*r - 31*r**2. What is f(1)?
-3
Let k(a) = -a - 1. Suppose 3*u + 11 = -1. Determine k(u).
3
Suppose -5*z - 5 = 0, -3*z + 1 + 20 = 2*m. Let x(s) = -1 - 4*s + 2*s + 0 + m*s. Give x(1).
9
Let v(k) = -k**2 + 1. Let s(b) = b**3 - 7*b**2 - b + 12. Let p(z) = -s(z) + 6*v(z). What is p(0)?
-6
Suppose x + 10 = -3*i, 0*x + 4*x - 30 = 2*i. Let w(t) = 5 - 2*t - 1 - x + 4 - t**2. Determine w(2).
-5
Suppose -2*l - 14 = -4. Let c(n) = 3*n - 6. Give c(l).
-21
Suppose 2*f + 19 - 9 = 0. Let m(k) = k + 5. What is m(f)?
0
Let m be ((-1)/(-2))/((-2)/32). Let t = 28 + -24. Let j = t + m. Let a(q) = -q**2 - 6*q - 3. What is a(j)?
5
Let j = -2 + 1. Let b(r) = -5*r + 1. Let q(t) be the first derivative of 11*t**2/2 - 2*t + 4. Let f(i) = 5*b(i) + 2*q(i). Calculate f(j).
4
Let r(u) = -u + 3*u - u + 0*u. Let a be (-19)/17 - 18/(-153). What is r(a)?
-1
Let k(d) = 5*d + 13. Let t(p) = -p - 6. Let m be t(0). Let n(u) = -4*u - 12. Let z(i) = m*n(i) - 5*k(i). Let b = -153 + 158. Calculate z(b).
2
Let n(s) be the second derivative of s**4/12 + 7*s**3/6 - 5*s**2/2 - 3*s. Let d be n(-7). Let w(z) = z**2 + 5*z. What is w(d)?
0
Let l(q) be the first derivative of -q - 7/2*q**2 - 2. What is l(1)?
-8
Let v(u) = 2*u - 2 - 3*u - 2 + 2. Determine v(-5).
3
Let f(d) = 8 + 4*d - 4*d + 2*d - 5*d. Give f(6).
-10
Let f(u) be the third derivative of 2*u**2 + 1/60*u**5 + 0 - 1/6*u**3 + 1/120*u**6 - 1/24*u**4 + 0*u. Give f(-1).
0
Suppose 0 = -4*q + 2*z + 16, -3*q + 0*z + 2*z = -10. Let k = 10 - q. Let o(w) = 3*w**2 - 1 + 2*w - w - 3*w**3 + k*w**3. What is o(-3)?
-4
Let d(z) = -z**3 + 3*z**2 + 4*z - 4. Let w = -26 + 30. Determine d(w).
-4
Let g(y) = -7*y - 2*y + 6*y. Give g(-4).
12
Let w(x) be the third derivative of x**6/120 + x**5/15 - x**4/12 + x**3/2 - 48*x**2. Give w(-4).
11
Suppose 70 = 5*r + 2*b, -r + 2*b + 3 - 1 = 0. Suppose -o - r = -14. Let f(x) = 2*x. What is f(o)?
4
Let b(y) = -y**3 - 7*y**2 - 7*y - 2. Let u be (48/(-40) - 1/(-5))*6. Give b(u).
4
Let d(q) be the second derivative of -q**5/20 - q**4 - 3*q**3/2 + 5*q**2 - 37*q. Determine d(-11).
-12
Let r = 2 + 1. Suppose -x = r*x - 4. Let z(y) = 4*y**2 + y. Calculate z(x).
5
Suppose -2 + 32 = -6*s. Let v(f) = f**3 + 4*f**2 - 5*f - 5. Calculate v(s).
-5
Let i be ((-8)/6)/((-26)/39). Suppose 2*y = -y + 6. Let n(w) = 0*w**3 - y*w**2 + 2 - 2*w + w**3 - 1. Calculate n(i).
-3
Let s(h) be the third derivative of h**4/24 - 5*h**3/2 - 2*h**2. Suppose 22 = x + 5*b - 0*b, -3*x + 9 = -4*b. Calculate s(x).
-8
Let x(u) = u + 2. Suppose -y - 7 = -2*y. Let f(p) = -p**2 + 7*p - 6. Let g be f(y). Give x(g).
-4
Let m(i) = i + 1. Let y = 8 + -1. Suppose -4*f = 4*h - 20, -h - y = -4*h + 5*f. Determine m(h).
5
Let z(n) be the third derivative of 1/24*n**4 - 7*n**2 + 0 - 1/60*n**5 + 0*n + 2/3*n**3. Determine z(0).
4
Let s = -1 + 3. Suppose -5*y = s*c + 11, -3*y - 17 = 4*c + 2*y. Let j(a) be the second derivative of -a**5/20 - a**4/4 - a**3/2 + a**2 - 4*a. Calculate j(c).
11
Let w(k) = 20*k + 9. Let a(v) = -7*v - 3. Let h(p) = -17*a(p) - 6*w(p). Let g = -3 - -6. Calculate h(g).
-6
Suppose 0*c + 29 = c - 5*s, 0 = -5*c + 2*s + 30. Suppose 0 = -c*f - 16, a = 5*a + 2*f. Let b(h) = 5*h**2 - h - 2. What is b(a)?
16
Let a = -1 + -1. Let j(w) = w - 1. Let c(v) = -v**2 - 5*v + 4. Let s(y) = c(y) + 6*j(y). Let n(k) be the first derivative of s(k). Determine n(a).
5
Let b = -3 + 4. Let a(i) = 3*i - 1. Let d be a(b). Let q(m) = 3*m - m**d + m - 2*m. What is q(3)?
-3
Let u(q) = q**2 + 7*q + 8. Suppose 5*w + 81 = 4*x, -2*x + 2*w + 66 = x. Suppose -3*t - t - x = 0. Determine u(t).
2
Let c(n) = n. Let q be c(2). Let z(y) = -q + 3*y - 2 - 2*y. Suppose 3*x - 4*o - 9 = 7, o - 3 = -x. Determine z(x).
0
Let c(l) = -6*l**3 - l**2 + l + 1. Let o be (-36)/(-16) + 4/(-16). Suppose 0 = -2*v - o. What is c(v)?
5
Let i(q) = -q**2 + 3*q - 1. Let p(v) = -3*v - 1. Let d be p(-1). Give i(d).
1
Suppose 5*a - 5 = h + 2, 5*a + 5*h + 5 = 0. Let i(n) = -10*n + 3. Let z(m) = 10*m - 4. Let s(o) = 4*i(o) + 3*z(o). What is s(a)?
-10
Let s(y) be the third derivative of y**6/120 - y**5/30 - y**4/8 + y**3/3 + 2*y**2. Give s(2).
-4
Let x = -14 + 17. Let t(q) = 0*q - q + x*q - 3*q. What is t(-2)?
2
Let r(g) = -5 - 4*g**2 - g**3 + 0*g**3 + 0 + 4*g. Let i = 5 + -8. Let s be -8 - (i + 3 + -3). Give r(s).
0
Let o = 10 - 7. Suppose -4*l - 2*u + 3 + 3 = 0, 0 = -o*l - u + 5. Let y(c) = c - 1 + 4*c**3 - l - 3*c**3. Determine y(0).
-3
Let q(w) be the first derivative of 7*w**4/12 - w**3/3 - w**2/2 - w - 4. Let y(z) be the first derivative of q(z). Determine y(-1).
8
Suppose -5*j + n = 7, 5*j = 3*n - 3 + 2. Let p(c) = -c**2 - 4*c - 2. Determine p(j).
2
Let n(w) = 6*w**2 - 6*w + 7. Let h(x) = -5*x**2 + 5*x + 11. Let a(j) = 3*j**2 - 3*j - 7. Let u(f) = -8*a(f) - 5*h(f). Let k(i) = -n(i) + 5*u(i). Determine k(0).
-2
Let r(c) = -c**2 + 6*c - 7. Suppose 5 = -b, 4*q - 2*b = 8*q - 10. Calculate r(q).
-2
Let h(l) be the first derivative of -l**4/4 - 7. What is h(1)?
-1
Let d(n) = 2 + 2 - 2 - 2*n. Let b = -14 - -34. Suppose -2*m + r = 0, 4*r - b = -4. What is d(m)?
-2
Let q(i) = -i + 2. Let f be q(-8). Let a = f + -3. Let v be (-2)/4 + a/(-2). Let r(n) = n**2 + 4*n + 4. Calculate r(v).
4
Let y = -32 - -58. Let s(t) = 25*t + 2 - y*t + 0 + t**2 - t**3 + 4*t**2. Let k = -2 - -7. Calculate s(k).
-3
Let c(a) = -1. Let t(l) = l**3 + 5*l**2 - l - 4. Let f = -3 + 2. Let b(s) = f*t(s) - c(s). Let k(i) = i**2 + 8*i + 2. Let g be k(-7). Calculate b(g).
0
Let v(i) = -2*i**2 + 3*i + 4. Suppose 2*d + 12 = 6*d. Calculate v(d).
-5
Let q(j) = 2*j + 1. Suppose 7*x = 4*x - 9. Let b = 2 + -2. Let z = x - b. Determine q(z).
-5
Let o(u) = -u**2 + 2*u - 2. Let a be o(3). Let c(d) = -d**3 - 5*d**2 + d + 5. Determine c(a).
0
Let k(t) = -2*t**2 - 2*t. Let r = 21 + -16. Suppose -4*a = -3*q + 18 - 4, r*a = -4*q - 2. Determine k(a).
-4
Suppose 0 = -g + 5*w + 7, -2*g + 3*w - 1 = -2*w. Let r(i) = i**3 + 8*i**2 - i - 3. Determine r(g).
5
Suppose 3*p + 9 - 15 = 0. Let l(z) = -2*z - 3 - 5*z**p - z**2 + 1 + 5*z**2. Give l(-3).
-5
Let f = 17 + -25. Let x(k) = -k**3 - 7*k**2 + 8*k. Let j be x(f). Let h(d) = -d**3 + d**2 + d + 1. Calculate h(j).
1
Let x = 3 + 0. Suppose -4*r + 2*z = -6, 3*r - 2*z + x*z - 17 = 0. Let o(q) = 2 + 2 - 4*q**3 + q - 2*q + 5*q**3 - 4*q**2. What is o(r)?
0
Let n(x) = -2 + 3*x + 3*x + x**2 - 4*x. Suppose -4 = f - 3*f. Let d be 4*4/(-8) - f. What is n(d)?
6
Let d(v) be the second derivative of -v**2/2 - 4*v. Let c(y) = 4*y - 4. Let a(x) = c(x) - 5*d(x). What is a(-3)?
-11
Suppose 5*d - 2*j = d - 4, 0 = -4*d - j + 2. Suppose -a - a = d. Let h(f) = -3 + 4*f + a + 2. Calculate h(1).
3
Suppose 6*x - 12 = 2*x. Let k(f) = -3*f - 2*f**2 - 2*f**3 + 0*f**2 + f**x. Let a(g) = -g**3 + g**2 + 2*g - 2. Let p be a(2). What is k(p)?
6
Let t = -2 - 0. Suppose -2*l - 3*l + 35 = 0. Let p(f) = -l + 5 + f - 8*f + 0*f. Calculate p(t).
12
Let b(n) = 3*n - 1. Let f = 22 + -21. What is b(f)?
2
Let w(m) = -m**2 - 12*m - 15. Let h be w(-10). Let l(x) = -3*x - x + 5 - h + 1. Give l(2).
-7
Let o(m) be the third derivative of m**7/5040 + 7*m**6/720 - m**5/60 + m**2. Let u(b) be the third derivative of o(b). What is u(-5)?
2
Let x(q) = q**2 - 4*q - 1. Let c = -2 - -5. Let y(l) = -l**2 + 3*l + 1. Let t(w) = c*y(w) + 2*x(w). What is t(-3)?
-11
Let b(g) be the second derivative of -g**4/12 + g**2/2 + 15*g. Give b(-3).
-8
Suppose -12 = -4*o, -2*o - 2*o = 5*k + 18. Let j(a) = a**3 + 37*a - 40*a - 9 + a**2 + a**2 + 4*a**2. What is j(k)?
9
Let t(y) = -y - 3*y**2 - y**2 + 5*y**2 - 1. Let i(j) = -5*j**2 - 3*j - 3. Let a(r) = i(r) + 4*t(r). Suppose -c = -2*w - 9, -4*c - 19 = 4*w + 5. What is a(w)?
3
Suppose -7*z + 3 = -4*z. Let c